 divided by 192.
181
Calculate the remainder when 25987 is divided by 1624.
3
Calculate the remainder when 56836 is divided by 28.
24
What is the remainder when 4069 is divided by 1907?
255
Calculate the remainder when 1105023 is divided by 4.
3
What is the remainder when 1546661 is divided by 21?
11
What is the remainder when 8133 is divided by 3913?
307
What is the remainder when 17016 is divided by 16621?
395
What is the remainder when 56623 is divided by 46?
43
What is the remainder when 17771 is divided by 44?
39
What is the remainder when 5153 is divided by 479?
363
What is the remainder when 409644 is divided by 68?
12
Calculate the remainder when 529487 is divided by 382.
35
Calculate the remainder when 1260 is divided by 990.
270
Calculate the remainder when 41502 is divided by 84.
6
What is the remainder when 1314 is divided by 62?
12
What is the remainder when 698 is divided by 504?
194
Calculate the remainder when 1413 is divided by 449.
66
Calculate the remainder when 8528 is divided by 666.
536
What is the remainder when 2575 is divided by 604?
159
What is the remainder when 24894 is divided by 2489?
4
Calculate the remainder when 574770 is divided by 44.
42
What is the remainder when 4469 is divided by 2156?
157
Calculate the remainder when 65897 is divided by 195.
182
Calculate the remainder when 3054 is divided by 177.
45
Calculate the remainder when 135 is divided by 108.
27
What is the remainder when 1137 is divided by 328?
153
Calculate the remainder when 529287 is divided by 59.
57
Calculate the remainder when 541084 is divided by 30060.
4
Calculate the remainder when 28556 is divided by 204.
200
Calculate the remainder when 32518 is divided by 406.
38
What is the remainder when 195955 is divided by 65310?
25
Calculate the remainder when 391 is divided by 295.
96
What is the remainder when 287241 is divided by 334?
1
What is the remainder when 14755 is divided by 72?
67
What is the remainder when 8191 is divided by 26?
1
What is the remainder when 11254 is divided by 1412?
1370
Calculate the remainder when 16065 is divided by 82.
75
What is the remainder when 84046 is divided by 12?
10
Calculate the remainder when 458108 is divided by 27.
26
What is the remainder when 62238 is divided by 3888?
30
What is the remainder when 626215 is divided by 19?
13
What is the remainder when 91137 is divided by 93?
90
What is the remainder when 57930 is divided by 543?
372
What is the remainder when 41142 is divided by 794?
648
What is the remainder when 32109 is divided by 339?
243
Calculate the remainder when 3371573 is divided by 17.
14
What is the remainder when 19974 is divided by 1528?
110
Calculate the remainder when 3433 is divided by 668.
93
Calculate the remainder when 467206 is divided by 18.
16
What is the remainder when 41263 is divided by 45?
43
Calculate the remainder when 2232 is divided by 370.
12
What is the remainder when 19268 is divided by 22?
18
What is the remainder when 46869 is divided by 108?
105
Calculate the remainder when 184795 is divided by 770.
765
What is the remainder when 2555 is divided by 295?
195
What is the remainder when 11320 is divided by 118?
110
What is the remainder when 90826 is divided by 13?
8
What is the remainder when 2325 is divided by 32?
21
Calculate the remainder when 967 is divided by 672.
295
Calculate the remainder when 4629 is divided by 308.
9
Calculate the remainder when 27539 is divided by 654.
71
What is the remainder when 78354 is divided by 653?
647
What is the remainder when 1529 is divided by 1053?
476
What is the remainder when 3474 is divided by 272?
210
Calculate the remainder when 778 is divided by 419.
359
Calculate the remainder when 484154 is divided by 9.
8
What is the remainder when 915 is divided by 391?
133
Calculate the remainder when 4591 is divided by 658.
643
Calculate the remainder when 263138 is divided by 2685.
8
What is the remainder when 84374 is divided by 114?
14
Calculate the remainder when 19356 is divided by 164.
4
Calculate the remainder when 24032 is divided by 546.
8
What is the remainder when 129368 is divided by 1597?
11
What is the remainder when 2957 is divided by 722?
69
What is the remainder when 106715 is divided by 72?
11
What is the remainder when 13426 is divided by 4457?
55
Calculate the remainder when 156732 is divided by 17.
9
Calculate the remainder when 87926 is divided by 261.
230
Calculate the remainder when 5537 is divided by 2759.
19
Calculate the remainder when 19689 is divided by 678.
27
Calculate the remainder when 16031 is divided by 2003.
7
Calculate the remainder when 10056 is divided by 255.
111
What is the remainder when 108073 is divided by 54027?
19
What is the remainder when 1762 is divided by 863?
36
Calculate the remainder when 1444632 is divided by 108.
24
Calculate the remainder when 212103 is divided by 53021.
19
What is the remainder when 1332477 is divided by 320?
317
Calculate the remainder when 496 is divided by 68.
20
Calculate the remainder when 10623 is divided by 1701.
417
Calculate the remainder when 1879 is divided by 1871.
8
What is the remainder when 30040 is divided by 14982?
76
What is the remainder when 9677 is divided by 97?
74
Calculate the remainder when 56519 is divided by 942.
941
Calculate the remainder when 5101 is divided by 116.
113
What is the remainder when 196238 is divided by 67?
62
What is the remainder when 18873 is divided by 1714?
19
What is the remainder when 100 is divided by 83?
17
What is the remainder when 367 is divided by 341?
26
What is the remainder when 304288 is divided by 1053?
1024
What is the remainder when 1064721 is divided by 152103?
0
What is the remainder when 34837 is divided by 8?
5
Calculate the remainder when 3085 is divided by 1110.
865
What is the remainder when 8871 is divided by 205?
56
What is the remainder when 515470 is divided by 148?
134
What is the remainder when 10924 is divided by 70?
4
Calculate the remainder when 96128 is divided by 9.
8
What is the remainder when 414045 is divided by 70?
65
What is the remainder when 132802 is divided by 1219?
1150
What is the remainder when 1566 is divided by 197?
187
Calculate the remainder when 34275 is divided by 1318.
7
Calculate the remainder when 91475 is divided by 396.
395
What is the remainder when 127 is divided by 22?
17
What is the remainder when 3624 is divided by 602?
12
What is the remainder when 411 is divided by 301?
110
What is the remainder when 12978 is divided by 10?
8
What is the remainder when 4548 is divided by 4?
0
Calculate the remainder when 365117 is divided by 28.
25
Calculate the remainder when 61906 is divided by 462.
460
What is the remainder when 694189 is divided by 111?
106
Calculate the remainder when 6508 is divided by 6503.
5
Calculate the remainder when 18562 is divided by 70.
12
Calculate the remainder when 1793 is divided by 21.
8
Calculate the remainder when 30884 is divided by 104.
100
Calculate the remainder when 1623 is divided by 1561.
62
What is the remainder when 854 is divided by 792?
62
What is the remainder when 9200 is divided by 2224?
304
Calculate the remainder when 193 is divided by 23.
9
Calculate the remainder when 10823 is divided by 190.
183
What is the remainder when 44411 is divided by 16?
11
What is the remainder when 16691 is divided by 62?
13
What is the remainder when 127619 is divided by 11?
8
Calculate the remainder when 4334 is divided by 3762.
572
Calculate the remainder when 65174 is divided by 275.
274
Calculate the remainder when 50456 is divided by 1151.
963
Calculate the remainder when 84722 is divided by 236.
234
Calculate the remainder when 4984 is divided by 4837.
147
What is the remainder when 8789 is divided by 763?
396
Calculate the remainder when 56537 is divided by 11.
8
Calculate the remainder when 194175 is divided by 296.
295
What is the remainder when 4784 is divided by 38?
34
What is the remainder when 170325 is divided by 14193?
9
Calculate the remainder when 402822 is divided by 201401.
20
Calculate the remainder when 43406 is divided by 1550.
6
Calculate the remainder when 792 is divided by 735.
57
What is the remainder when 46127 is divided by 1591?
1579
Calculate the remainder when 87071 is divided by 215.
211
Wh